5/120 + 7*y**4/12 + 4*y. Let s(d) be the third derivative of a(d). What is s(-2)?
-3
Let l = 103 - 103. Let r(t) = -t**3 + t**2 + t - 9. Determine r(l).
-9
Suppose 3*l - 5 = 4. Suppose -l*x + 3*h = -9, 4*x - h - 6 = -3*h. Let m(a) = 6 - a**3 - 4 + 5 + x*a**3 + a. Calculate m(0).
7
Let m(b) = -25*b - 19*b - 11 - 19*b + 62*b. Suppose -2*n + 8 = -0*n. Suppose -n*w - 25 = w. What is m(w)?
-6
Let a(t) = t**2 + 4*t. Suppose 8 = -4*q - 20. Let m = q - -9. Suppose 0 = -p + m*p + 3. Give a(p).
-3
Let b(x) = -2*x**2 + 3*x + 1. Let v(q) = -q**3 + 4*q**2 + 6*q - 5. Let t be v(5). Suppose -9 = -3*h - t. What is b(h)?
-8
Let a be -1 + 1 + 1 + -5. Let t(n) = 2 - 5*n - 259*n**2 + 262*n**2 + 0*n**3 + n**3. Determine t(a).
6
Let c be ((-4)/6)/((-6)/(-9)). Let l(r) = r + 1. Let i(j) = -12*j - 12. Let h(d) = c*i(d) - 10*l(d). Give h(-3).
-4
Let c = 121 + -116. Let k(t) = 8*t**2 - t - 1. Let u(r) = 7*r**2 - 2*r. Let v(w) = 6*k(w) - 7*u(w). Calculate v(c).
9
Let c(k) = -2*k + 25. Let f be c(15). Let g(t) = t**3 + 4*t**2 - 2*t. What is g(f)?
-15
Let m(s) = s - 2. Suppose -z = 3*z. Suppose -3*c + 3*n = -9, z = -4*c - 3*n + 2 + 17. Suppose -c*p + 5*p + 3 = 0. What is m(p)?
-5
Let n be 11/(-44) - 2/(-8). Let i(f) be the first derivative of f**2/2 - 12*f + 1. Give i(n).
-12
Let o(b) = -b**3 - 6*b**2 - 5*b - 5. Suppose -10 = -3*c - 5*i, 0 = 3*i - 7*i + 20. Let n be o(c). Let d(u) = 6*u - 8 + 3 + 4 + u**2. Determine d(n).
-6
Let t(g) = -6*g**3 - 2*g - 1. Let b be t(-1). Let f = b - 4. Let v(l) be the third derivative of -l**6/120 + l**5/30 - l**4/24 + l**3/2 + 2*l**2. Give v(f).
-9
Let l(c) = c - 8. Suppose -2*u - i = -11, u - 4*i = -2*u + 22. Determine l(u).
-2
Suppose 4*h - 7*h - 18 = 0. Let v(t) = 3*t**2 - 6*t - 3 - 2 - 4*t**2 + 1. Let w be v(h). Let r(q) = -q**3 - 4*q**2 - q - 4. Determine r(w).
0
Let f(r) = r**2 - r - 1. Let q(s) = -7*s**2 + 2. Let b(u) = -6*f(u) - q(u). What is b(-4)?
-4
Let o(x) = x - 1 + 2 + 4. Let b be (-3)/2 - (-13)/2. Suppose b*r + 4 + 16 = 0. What is o(r)?
1
Let s(f) = -f + 2. Let c(o) = -o**3 + o**2 + o. Let w be c(-1). Suppose p + 1 = 4*m - 0*p, 0 = -4*m + 5*p - 11. Let r = m - w. Determine s(r).
2
Let z(j) = -6*j**2 + 4*j + 4. Let i(p) = 17*p**2 - 11*p - 11. Let d(s) = 4*i(s) + 11*z(s). Let h(f) = f**3 + 4*f**2 + 4*f + 1. Let r be h(-3). Determine d(r).
8
Let p(q) = -3*q**3 + 14*q - 17. Let n(h) = -h**3 + 5*h - 6. Let s(v) = -17*n(v) + 6*p(v). Calculate s(-1).
2
Let b(h) = h**2 - 7*h + 4. Let y be b(6). Let j be (45/27)/(y/(-6)). Let x(m) = m - 9. Determine x(j).
-4
Let p(y) = 9*y - 5 - 6*y**2 + 4*y**2 + 2. Calculate p(6).
-21
Suppose 26*o = 25*o. Let p(u) = -2*u**3 + 0 + 3*u**3 + 1. Calculate p(o).
1
Let h(s) be the first derivative of -2 + 4*s - 1/4*s**4 - 4/3*s**3 + 5/2*s**2. Calculate h(-5).
4
Let l be (-2)/(-9) - 8/36. Let b(s) = s - 1 + l*s + 2 - s**2. Suppose -4 + 19 = 5*p. Determine b(p).
-5
Let y(z) = -3 + 3*z + 2 - 2 - z**2. Let c be -1*9/3 + 8. Suppose -c*s - 12 = -8*s. What is y(s)?
-7
Let m(a) be the first derivative of -2 + 1/3*a**3 - 3/2*a**2 - 2*a. Give m(-2).
8
Let z(m) = 2*m**2 - 3*m - 1. Let s be z(2). Let q(f) = 2*f**2 + f. Calculate q(s).
3
Let x be 24/(-18)*9/(-2). Let c(w) = 2*w**2 + x - 6*w + 4*w - 3. Give c(2).
7
Let g(u) = -2*u**2 + 4*u - 6. Let b(p) be the third derivative of p**5/60 + p**4/24 - p**3/6 - 3*p**2. Let j(n) = -b(n) - g(n). Determine j(5).
7
Let f be (-3)/(-1)*(-7)/((-42)/(-8)). Let s(o) be the second derivative of o**3/3 - o**2/2 + o. What is s(f)?
-9
Suppose f - 1 = -0. Let i(n) = 0 + 3*n + 0*n + n - f. Suppose -t - 1 = -0*t. Determine i(t).
-5
Suppose 0 = 5*i - 10*i - 10. Let g(t) = -15*t + 5. Let s(p) = -5*p + 2. Let f(u) = -3*g(u) + 8*s(u). Calculate f(i).
-9
Let i(y) be the second derivative of y**6/360 - y**5/24 + 2*y**4/3 - 9*y. Let o(w) be the third derivative of i(w). Give o(4).
3
Let d(i) be the first derivative of -i**4/4 + i**3/3 + i**2/2 + 3*i + 3. Let a(t) be the first derivative of d(t). Calculate a(2).
-7
Let s be (-18)/14 + (-2)/(-7). Let i(o) = -66*o + 5*o**3 - 1 + 0 + 65*o. What is i(s)?
-5
Suppose 9*a - 2*a - 42 = 0. Let g(p) = -p**2 + 6*p + 2. Calculate g(a).
2
Suppose -5*v + 10 = -0. Let w = 10 + -6. Suppose 2*o - w*j + 2 = -22, -2*o + v*j - 16 = 0. Let s(g) = -g**2 - 4*g - 3. Determine s(o).
-3
Let i be (3/2)/(4/8). Let v(n) = i*n**2 - 2*n**2 + 4 + 3 + 4*n - 5. Calculate v(-5).
7
Let s = 513/8 - 64. Let d(u) be the third derivative of -u**2 + 0*u + 0 - s*u**4 + 1/60*u**5 - u**3. Determine d(5).
4
Suppose 0 = -0*b + 4*b. Let k(a) = 0 - 2*a + 5*a - 9 - 2*a. Let n(p) = p + 1. Let l(c) = -k(c) + 2*n(c). Calculate l(b).
11
Let i(l) = l**3 + 6*l**2 - l - 4. Suppose -15 = -4*x + 3*m + 24, -m = -3*x + 33. Suppose -x = 2*z + 3*v, 5*z + 0*v + 30 = -2*v. Calculate i(z).
2
Let f = 7 + -3. Suppose 2*d = 3*u + 21, -f*u + 3*d - 26 = d. Let r(p) = p - 2. What is r(u)?
-7
Let q be (-40)/(-18) - (16/(-18))/(-4). Let k(b) = b**2 + 1 - 5*b**2 - 10*b + 10*b. What is k(q)?
-15
Suppose 5*f + l - 17 = 0, -3*l = 2*l - 10. Let r = f + -1. Let k(u) = -6*u - 4 + 3 + 3. Determine k(r).
-10
Let t be 1/(2/4) + -6. Let h(k) = 18*k**2 - 5*k - 5 - 18*k**2 - k**2 - k. Calculate h(t).
3
Let o(q) = 2*q - 7. Let c be o(3). Let n(h) = -1. Let f(k) be the second derivative of -k**3/2 - 2*k**2 - k. Let i(p) = c*f(p) - 3*n(p). Determine i(-5).
-8
Let d(x) = -4*x + 5. Let i = -82 - -87. What is d(i)?
-15
Let a(z) = z**2 + 2. Let o be (-46)/(-11) + (-6)/33. Suppose o*l = -l. Suppose l*s + 4*s = 0. Calculate a(s).
2
Let z = 17 - 34. Let k = z + 20. Let c(f) = -f**3 + 4*f**2 - 2*f + 3. Calculate c(k).
6
Let g(b) = -b**3 + b**2 - 1. Let j(m) = 5*m**3 - 4*m**2 - m + 7. Let t(x) = 3*g(x) + j(x). Let f(u) be the first derivative of t(u). Determine f(-1).
7
Let y(c) be the first derivative of -c**3/3 + 5*c**2/2 - 3*c + 9. Calculate y(5).
-3
Let s(f) = -f**3 + 3*f**2 + f - 2. Let u(o) be the second derivative of -7/2*o**2 + 0 - 4*o + 1/6*o**3. Let r be u(9). Calculate s(r).
4
Let l(b) be the first derivative of -b**4/12 + 7*b**3/6 - 3*b**2 - 4*b + 2. Let q(s) be the first derivative of l(s). What is q(5)?
4
Let g = 4 + -1. Let i(y) be the second derivative of 0*y**3 + 1/20*y**5 - 1/4*y**4 - y - y**2 + 0. Calculate i(g).
-2
Let p = 59 - 36. Let q = 21 - p. Let d(x) = x**2 - 2*x - 1. Determine d(q).
7
Let u(n) = 2*n**3 - 12*n**2 + 1. Let g be u(6). Let i(d) = -6 + d**3 - 2*d**2 + 2 - d + g. Determine i(3).
3
Let x be (-3)/(-1 + (-3)/6). Let g(z) = x - z**3 - 6*z**2 + 1 - 3*z + 2. What is g(-5)?
-5
Let l be ((-4)/8)/((-2)/8). Let d(a) = -2*a - l + 3*a - 2*a. What is d(-3)?
1
Let z(b) = b - 16. Suppose -6*l = -l. Determine z(l).
-16
Let f(d) = -21*d - 9. Let j(r) = -31*r - 13. Let w(c) = -7*f(c) + 5*j(c). What is w(-2)?
14
Suppose 5*i = -53 + 13. Let z(p) = p**3 + 8*p**2 - p - 2. Determine z(i).
6
Let y(i) = -i**3 - 7*i**2 - 8*i - 3. Let d be y(-6). Let w(v) = v - 5. Determine w(d).
4
Let v = -38 - -55. Suppose 4*u = 2*s - 0*s - 16, 0 = -s - 3*u - v. Let c(o) be the second derivative of o**3/6 + o**2 - o. What is c(s)?
0
Let r(z) = -3*z + 2. Suppose -4*k = -8*k + 36. Let n = k - 7. Calculate r(n).
-4
Let s(b) = b**3 + b**2 - b + 1. Let h(f) = -f**2. Let a(o) = -2*h(o) - s(o). Let r = 3 + -2. Calculate a(r).
0
Let v(s) = 0 + 3*s - 15*s**2 + 5 + 14*s**2 - 1. Calculate v(3).
4
Let q(b) = 3*b**2 + 2*b - 1. Let j = 2 - 9. Let c = -6 - j. Suppose 0 = 2*x + 3 + c. What is q(x)?
7
Let h(k) be the second derivative of k**4/12 + k**3/3 - k**2/2 - 15*k. Calculate h(-4).
7
Suppose -2*w = n + 1, 0 = -6*w + w + 5*n + 5. Let h(t) be the second derivative of t**4/12 + t**3/6 - t**2 - 4*t. Give h(w).
-2
Let p(l) = l**2 + 2*l - 7. Let g(o) = 3*o + 40. Let k be g(-15). Calculate p(k).
8
Let w be 84/22 + (-8)/(-44). Let t(p) = -13 + 2*p + 7 + 5 + p. Calculate t(w).
11
Let g(d) be the second derivative of -d**5/20 - 5*d**4/12 + d**3/3 + 7*d**2/2 - 2*d. Let a be g(-5). Let h(o) = -o**2 - 1 - 8*o + 4*o + 4 + 0. What is h(a)?
6
Let q(v) = -v. Let b(c) = 8*c + 2. Let j(r) = b(r) + 6*q(r). Give j(-7).
-12
Suppose 5*r = 2*r - 51. Let m = 17 + r. Let s(h) = -h**3 + h - 1. What is s(m)?
-1
Let b(k) = -19*k**2 - k. Suppose 6 = 2*m + 8. Give b(m).
-18
Suppose -6*k + k + 9*k = 0. Let g(f) = 6*f**3 - 4*f**2 + 5*f - 2. Let x(a) = -7*a**3 + 5*a**2 - 6*a + 2. Let